(-3). Let p = 24 + s. What is the units digit of p?
8
What is the tens digit of 17 + 0 + -3 + 5?
1
Suppose 5*l = 2*s + 122 - 444, -s + 131 = 5*l. What is the units digit of s?
1
Let p be (-2)/(-7) - (-10)/14. Let r be 24/((p/(-2))/1). What is the units digit of ((-3)/6)/(2/r)?
2
Let d = -4 + 7. Suppose 0 = -d*h + 2*m + 10 + 30, 30 = h - 4*m. What is the tens digit of h?
1
Let d(k) = k**3 + 3*k**2 - 2*k - 2. What is the units digit of d(-3)?
4
Let s = 3 - 15. Let h = s + 17. What is the units digit of h/((-4 + 1)/(-3))?
5
Let l(r) = -6*r**3 - 5*r**2 - 6*r - 9. What is the hundreds digit of l(-3)?
1
Suppose -4*b + 17 + 3 = 2*h, 5*h + 4*b = 20. Suppose g + 2*g + 6 = h. Let m = g + 3. What is the units digit of m?
1
Let j(n) = 10*n - 20. What is the units digit of j(3)?
0
Let j(c) = -c**2 + 5*c + 1. Let y be j(5). Let l be ((-66)/(-24))/(y/(-4)). What is the units digit of (-1 + (-1 - -1))*l?
1
What is the tens digit of (-3 + 4)/((-1)/(-65))?
6
Let l = 18 - 12. Suppose 5*m - l = 9. What is the tens digit of 3*17/m - 3?
1
Let s(i) = -i**2 - i + 3. Let m be s(-4). Let a(k) = 2*k**2 + 6*k - 11. Let q(n) = n**2 - n - 1. Let o(j) = a(j) - q(j). What is the units digit of o(m)?
8
Suppose s + 3 + 13 = 0. Let w = -14 - s. What is the units digit of w?
2
Let r = 7 - 4. What is the units digit of (27/(-15))/(r/(-15))?
9
Let f(a) = -2*a**3 - 5*a**2 - 5*a + 5. Let c(u) = -6*u**3 - 16*u**2 - 16*u + 16. Let r(l) = 5*c(l) - 16*f(l). What is the units digit of r(1)?
2
What is the tens digit of 2/(-3) - (-340)/15?
2
Suppose -5*b - 4*m + 17 + 7 = 0, b - 12 = m. What is the units digit of b?
8
Suppose 325 = 3*i + 2*i. Suppose -i = -3*q - 17. Let y = q - 4. What is the tens digit of y?
1
Suppose 7*f = 17*f - 230. What is the units digit of f?
3
Let u = 186 - 88. What is the tens digit of u?
9
Let w(k) = -k**3 - 4*k**2 + 4*k. Let x be w(-5). Suppose 1 = x*z - 2*z + 5*y, z + 4*y = -9. What is the units digit of z?
7
Suppose 0 = -5*n - w + 7, -w = -4*n - 0*w + 11. Suppose 0 = -n*c + 54 + 46. What is the tens digit of c?
5
Let c = -98 - -150. What is the tens digit of c?
5
Let t be -10*(-5)/((-40)/(-12)). Suppose -a + 8 = -t. What is the units digit of a?
3
Let u be 2/(-5) + (-3268)/(-20). Suppose -4*a + 36 = b - 0*b, 4*b - 3*a - u = 0. What is the tens digit of b?
4
Let h(t) = -t**3 - 2 + 8 - t + 6*t**2 - 4*t. Let x(j) = -j**2 - 8*j - 7. Let r be x(-6). What is the units digit of h(r)?
6
Let s = -6 + 9. Let h = 1 - 2. Let q = s + h. What is the units digit of q?
2
Suppose 6*x = x + 15. Suppose -6 = -x*l + 3. Suppose 21 = 3*h - 4*j - l, -2*j - 6 = 0. What is the units digit of h?
4
Let n = -5 + 8. Suppose 3*p = 3*o, -n*o + 13 = 4. Suppose -1 = p*t - 25. What is the units digit of t?
8
Suppose -t + k = -21, -5*t + 2*t + k + 61 = 0. Suppose h + 3*h = -t, -2*h + 32 = 2*u. What is the units digit of u?
1
Suppose -4*x + 4*c = x - 8, -c = x - 7. What is the units digit of x?
4
Let r(g) = g**2 + 7*g - 2. Suppose -2*k = -2*a - 26, a + a + 31 = 3*k. Let y be r(a). Let h = -5 + y. What is the units digit of h?
1
Suppose -3*w = 5*o - 4*o - 73, -4*o - 4*w = -268. Suppose -5*t = -o - 36. What is the units digit of t?
0
Suppose 4*n - 3*a + a - 2 = 0, 2*n - 2*a + 2 = 0. Suppose -2*h + 4*q = -18, 0*q - n*q = 5*h - 105. What is the units digit of h?
9
Suppose u - 2*j + 5*j = 13, 0 = -2*u - 5*j + 28. What is the tens digit of u?
1
Let z(x) = -x**3 - 8*x**2 - 8*x - 7. Let j be z(-7). Suppose j = -5*m - 5 + 20. Suppose -a = 3*a, -m*a = -2*f + 28. What is the tens digit of f?
1
Suppose -q + 5*q = 0. Suppose q*w = -2*w + 10. Suppose 3*j - 2*j = -3*i - 5, w*i + 12 = 2*j. What is the units digit of j?
1
Let r = 2 + 14. What is the units digit of r?
6
Let x = -10 + 10. Suppose x*f - 5 = -f. What is the units digit of f?
5
Let x(h) = h**3 - 12*h**2 + 11*h - 3. Let b be x(11). What is the units digit of -19*(b - (0 - 2))?
9
Suppose -13*m = -16*m. Let h(x) = x**3 - 2*x + 34. What is the tens digit of h(m)?
3
Let h = 4 + -2. What is the units digit of 84/10 + h/(-5)?
8
Let d(y) = 2*y**3 + y**2 - 5*y + 5. Let k be d(2). Suppose f + 4*f = k. What is the units digit of f?
3
What is the tens digit of -2 - -4 - (-24 - -1)?
2
Suppose -511 = -4*k - 3*m, -5 = -2*m + m. What is the tens digit of k?
2
Let a(f) = -f**2 + 10*f + 2. Let g be a(10). What is the tens digit of (-1 - g)/((-6)/54)?
2
Let i = 16 + -8. Suppose n - i = -2*y, -4*n + y = 2 + 2. What is the units digit of 3 + (0 - 1) - n?
2
Suppose 0*p + 19 = p. What is the tens digit of p?
1
Let n be ((-2)/(-2))/(-1 + 0). Let q = n + -21. What is the units digit of (-2)/11 - 92/q?
4
Let t(z) = z**2 - 2*z + 15. What is the units digit of t(10)?
5
Let o(z) = -13*z**2 + z. Let u = -1 + 0. Let x be o(u). What is the units digit of 4/x - (-90)/21?
4
Let r(l) = l - 12. Let w be r(9). Let d be -1*13*(-4 - w). Suppose -2*c - 5*p = -9, -20 = -4*c + 5*p + d. What is the units digit of c?
7
Let w = -3 - -6. Let q be (-1)/(-4) + 177/12. Suppose q = 2*p + w. What is the units digit of p?
6
Let k(q) = 5*q**3 - 10*q**2 - 6*q - 12. Let v(w) = -6*w**3 + 11*w**2 + 6*w + 13. Let d(u) = -5*k(u) - 4*v(u). What is the units digit of d(7)?
1
Suppose -2*z - 20 = 4*w, -3*z + 50 = -8*z - w. Let f = 12 + z. What is the units digit of f?
2
Let u = -5 + 9. Suppose 0 = 3*f - h - h - u, 0 = 3*h - 12. What is the units digit of f?
4
Suppose 248 = 4*q - 2*i, -4*i - 459 + 143 = -5*q. What is the tens digit of q?
6
Suppose -3*y = -4*m + 167, 0 = 3*y - 2 - 7. Let i be m/(-12) - (-4)/6. What is the units digit of 2 + 1 + i + 5?
5
Suppose m + 70 = 2*i - 2*m, -m - 4 = 0. Suppose 5*w - i - 56 = 0. What is the tens digit of w?
1
Let k(l) be the first derivative of 4*l**3/3 + 2*l**2 + 3*l + 1. What is the units digit of k(-2)?
1
Let q = 2 - 6. What is the units digit of 1/(q/20*-1)?
5
Let v = -24 - -18. Suppose -4 - 20 = -4*c. What is the units digit of (20/c)/((-4)/v)?
5
What is the units digit of 58/4*(1 - -1)?
9
Let g be 90/(-35) + (-3)/7. Let f = 14 - g. What is the tens digit of f?
1
Suppose y + 3 - 19 = -5*v, -3*y + 2*v - 3 = 0. Suppose -2*i + i + y = 0. Suppose -13 + 44 = 5*u + 2*l, u + 4*l = -i. What is the units digit of u?
7
Let z be (-3)/9 + 39/9. Suppose 0 = -g + 5*w + 20, -5*w - 30 = -z*g + 50. What is the units digit of g?
0
Let a(q) = q**3 - 8*q**2 - 10*q + 10. Let f = 10 - 1. Let r be a(f). Suppose -b + 2 = -r. What is the units digit of b?
3
Let c = 361 - 257. What is the units digit of c?
4
Let j(o) = -3*o**2 + 9*o - 1. Let z(d) = 2*d**2 - 8*d + 2. Let y(x) = -3*j(x) - 4*z(x). What is the units digit of y(4)?
1
Let m(o) = -o**2 - 5*o + 7. Let h be m(-7). Let i = h - -18. What is the tens digit of i?
1
Let u(f) = -f**2 + 12*f - 6. Suppose -5*d = -d - 24. Let v be u(d). Suppose 0 = -2*t + v - 4. What is the tens digit of t?
1
Let v = -8 - -43. What is the units digit of v?
5
Suppose 4*l = m + 93 + 54, 4*m - 172 = -4*l. Suppose 5*q - g = 59, -q - q + l = -4*g. What is the tens digit of q?
1
Let v(z) = z**3 + 8*z**2 + 8*z - 1. Let k be v(-7). Let o(y) = 4*y - 4. Let u(t) = -9*t + 8. Let j(c) = -7*o(c) - 3*u(c). What is the tens digit of j(k)?
1
Let b(n) = -6*n - 13. Let u(c) = -7*c - 14. Let m(j) = 4*b(j) - 3*u(j). Let h be m(-8). Let r = h + -9. What is the units digit of r?
5
Let q(r) = 2*r**2 - 6*r + 1. Let w be q(4). Let z(s) = -s**2 + 10*s + 7. What is the units digit of z(w)?
6
Suppose -5*g - 5*z = -0*g - 335, -2*z - 4 = 0. What is the tens digit of g?
6
What is the tens digit of (2/(-4))/((-4)/512) - -1?
6
What is the hundreds digit of (48/(-15))/((12/(-140))/3)?
1
Suppose 5*c - 242 = 2*c + h, c - 90 = -2*h. What is the units digit of c?
2
Suppose -3*s + 42 = 3*z, 7*s - 78 = 2*s - 3*z. Let f = s + -13. What is the units digit of f?
5
Let h = 1 - -22. What is the units digit of h?
3
Suppose 0 = 5*n + 25, -4*w + 2*n + 5 = -9. Suppose w = -v + 3. What is the units digit of v?
2
Let q be ((-1)/(-3))/(1/(-3)). Suppose -4 = 2*s - 0*s. Let d = q - s. What is the units digit of d?
1
Let r = -146 + 219. What is the units digit of r?
3
Let s(p) = -4*p**3 + 2*p**2 - 1. Let c = 3 + 0. Let x be -3 + 2/c*3. What is the units digit of s(x)?
5
Let l(r) = -7*r**3 + 3*r**2 - 5*r + 2. Let g(j) = -13*j**3 + 5*j**2 - 9*j + 4. Let i(k) = 4*g(k) - 7*l(k). What is the units digit of i(-2)?
4
Su